ors of 1955512.
2, 13, 18803
List the prime factors of 624296.
2, 73, 1069
What are the prime factors of 32039846?
2, 73, 219451
What are the prime factors of 9706348?
2, 31, 78277
What are the prime factors of 1740116?
2, 7, 29, 2143
List the prime factors of 148664.
2, 18583
List the prime factors of 2305183.
17, 135599
List the prime factors of 832099.
17, 48947
What are the prime factors of 3536536?
2, 61, 7247
What are the prime factors of 338149?
7, 67, 103
What are the prime factors of 316272?
2, 3, 11, 599
What are the prime factors of 308026?
2, 233, 661
List the prime factors of 84665.
5, 7, 41, 59
List the prime factors of 1669641.
3, 59, 9433
List the prime factors of 1896674.
2, 13, 72949
What are the prime factors of 21942935?
5, 7, 89563
List the prime factors of 751756.
2, 163, 1153
List the prime factors of 66114.
2, 3, 3673
List the prime factors of 47226.
2, 3, 17, 463
What are the prime factors of 14523661?
17, 854333
List the prime factors of 20013818.
2, 11, 23, 37, 1069
List the prime factors of 608490.
2, 3, 5, 6761
What are the prime factors of 35900?
2, 5, 359
What are the prime factors of 11281114?
2, 13, 433889
List the prime factors of 147001.
29, 37, 137
What are the prime factors of 411401?
23, 31, 577
What are the prime factors of 10693255?
5, 17, 125803
List the prime factors of 677055.
3, 5, 45137
What are the prime factors of 264182?
2, 31, 4261
List the prime factors of 6067755.
3, 5, 134839
List the prime factors of 124037.
71, 1747
What are the prime factors of 392867?
79, 4973
List the prime factors of 1955952.
2, 3, 17, 47
What are the prime factors of 3945732?
2, 3, 7, 107, 439
List the prime factors of 2558564.
2, 41, 15601
List the prime factors of 537944.
2, 11, 6113
What are the prime factors of 1748146?
2, 83, 10531
List the prime factors of 3266596.
2, 816649
List the prime factors of 270959.
13, 19, 1097
List the prime factors of 2931932.
2, 227, 3229
List the prime factors of 327328.
2, 53, 193
List the prime factors of 9305255.
5, 107, 17393
List the prime factors of 232797.
3, 73, 1063
List the prime factors of 1198829.
23, 47, 1109
List the prime factors of 25834457.
11, 587, 4001
List the prime factors of 3917624.
2, 67, 7309
List the prime factors of 18333583.
4057, 4519
What are the prime factors of 739265?
5, 147853
What are the prime factors of 476357?
7, 17, 4003
List the prime factors of 7006992.
2, 3, 17, 31, 277
What are the prime factors of 1133663?
367, 3089
List the prime factors of 170980.
2, 5, 83, 103
What are the prime factors of 40945?
5, 19, 431
List the prime factors of 16971549.
3, 7, 808169
List the prime factors of 239454.
2, 3, 53, 251
What are the prime factors of 6132722?
2, 743, 4127
List the prime factors of 325579.
53, 6143
List the prime factors of 2039371.
17, 119963
What are the prime factors of 1526934?
2, 3, 254489
What are the prime factors of 297083?
297083
What are the prime factors of 8911629?
3, 990181
List the prime factors of 207768.
2, 3, 11, 787
What are the prime factors of 158915?
5, 37, 859
What are the prime factors of 55281?
3, 18427
List the prime factors of 1178438.
2, 589219
What are the prime factors of 15277492?
2, 17, 224669
List the prime factors of 268172.
2, 67043
List the prime factors of 24183796.
2, 7, 13, 29, 79
List the prime factors of 491198.
2, 17, 14447
What are the prime factors of 23649040?
2, 5, 17, 17389
List the prime factors of 10663260.
2, 3, 5, 23, 7727
List the prime factors of 3883975.
5, 43, 3613
List the prime factors of 2420011.
11, 19, 11579
What are the prime factors of 185474?
2, 92737
List the prime factors of 11736229.
47, 71, 3517
List the prime factors of 1365459.
3, 191, 2383
What are the prime factors of 6626979?
3, 61, 12071
What are the prime factors of 689076?
2, 3, 19141
List the prime factors of 492059.
492059
List the prime factors of 144639.
3, 11, 487
What are the prime factors of 1376959?
47, 29297
List the prime factors of 9037779.
3, 3012593
What are the prime factors of 235140?
2, 3, 5, 3919
What are the prime factors of 190399?
11, 19, 911
What are the prime factors of 180822?
2, 3, 30137
List the prime factors of 845071.
67, 12613
What are the prime factors of 2483579?
7, 197, 1801
List the prime factors of 15584346.
2, 3, 41, 7039
What are the prime factors of 224283?
3, 74761
List the prime factors of 317777.
317777
What are the prime factors of 8629713?
3, 43, 7433
What are the prime factors of 27079?
13, 2083
List the prime factors of 306465.
3, 5, 20431
List the prime factors of 140466.
2, 3, 41, 571
What are the prime factors of 851118?
2, 3, 141853
List the prime factors of 11005532.
2, 2751383
List the prime factors of 5746904.
2, 31, 23173
List the prime factors of 216121.
17, 12713
List the prime factors of 26252953.
89, 97, 3041
What are the prime factors of 16767?
3, 23
What are the prime factors of 3306?
2, 3, 19, 29
What are the prime factors of 2642162?
2, 73, 18097
What are the prime factors of 113902?
2, 56951
List the prime factors of 2786545.
5, 557309
What are the prime factors of 5356880?
2, 5, 29, 2309
List the prime factors of 821137.
47, 17471
What are the prime factors of 12051023?
12051023
List the prime factors of 3819168.
2, 3, 89, 149
What are the prime factors of 521364?
2, 3, 23, 1889
List the prime factors of 728186.
2, 541, 673
What are the prime factors of 3230014?
2, 31, 59, 883
What are the prime factors of 825218?
2, 412609
List the prime factors of 20216835.
3, 5, 449263
List the prime factors of 57273.
3, 17, 1123
What are the prime factors of 544734?
2, 3, 53, 571
What are the prime factors of 574637?
7, 103, 797
What are the prime factors of 6622250?
2, 5, 26489
List the prime factors of 311746.
2, 17, 53, 173
List the prime factors of 16767488.
2, 32749
What are the prime factors of 38780061?
3, 101, 131, 977
List the prime factors of 62023.
13, 367
What are the prime factors of 3919328?
2, 7, 17497
List the prime factors of 48145.
5, 9629
What are the prime factors of 558476?
2, 139619
List the prime factors of 464251.
464251
List the prime factors of 93992.
2, 31, 379
What are the prime factors of 3865597?
193, 20029
What are the prime factors of 19024415?
5, 19, 200257
List the prime factors of 514023.
3, 171341
List the prime factors of 3622981.
449, 8069
What are the prime factors of 2720459?
7, 17, 22861
List the prime factors of 9581166.
2, 3, 7, 17, 71
What are the prime factors of 489217?
489217
List the prime factors of 12740551.
23, 359, 1543
What are the prime factors of 1102510?
2, 5, 110251
What are the prime factors of 2013613?
7, 307, 937
What are the prime factors of 363869?
11, 19, 1741
List the prime factors of 281668.
2, 67, 1051
What are the prime factors of 92476?
2, 61, 379
What are the prime factors of 9118198?
2, 1109, 4111
List the prime factors of 383709.
3, 23, 67, 83
What are the prime factors of 97125?
3, 5, 7, 37
What are the prime factors of 147700?
2, 5, 7, 211
What are the prime factors of 387326?
2, 193663
List the prime factors of 1021679.
41, 24919
What are the prime factors of 757445?
5, 13, 43, 271
What are the prime factors of 363326?
2, 389, 467
What are the prime factors of 648907?
7, 17, 19, 41
List the prime factors of 9497444.
2, 11, 215851
List the prime factors of 821299.
97, 8467
List the prime factors of 20518021.
61, 336361
List the prime factors of 29588001.
3, 191, 51637
What are the prime factors of 23072848?
2, 1442053
What are the prime factors of 40472?
2, 5059
List the prime factors of 5841780.
2, 3, 5, 7, 1987
What are the prime factors of 647944?
2, 11, 37, 199
What are the prime factors of 26117?
7, 13, 41
What are the prime factors of 665577?
3, 11, 83
List the prime factors of 309535.
5, 31, 1997
List the prime factors of 9690415.
5, 7, 276869
What are the prime factors of 211723?
211723
What are the prime factors of 496616?
2, 23, 2699
What are the prime factors of 9381003?
3, 19, 31, 5309
What are the prime factors of 462783?
3, 19, 23, 353
List the prime factors of 8645327.
8645327
What are the prime factors of 26845210?
2, 5, 7, 17, 1327
What are the prime factors of 5859519?
3, 1021, 1913
List the prime factors of 205127.
13, 31, 509
List the prime factors of 294078.
2, 3, 23, 2131